{"id":521,"date":"2022-04-27T17:19:40","date_gmt":"2022-04-27T17:19:40","guid":{"rendered":"http:\/\/vfsoe.de\/BNE\/?page_id=521"},"modified":"2022-06-21T16:58:14","modified_gmt":"2022-06-21T16:58:14","slug":"programm-erfurt-2022","status":"publish","type":"page","link":"https:\/\/vfsoe.de\/BNE\/klimaschulethueringen\/programm-erfurt-2022\/","title":{"rendered":"Programm Erfurt 2022"},"content":{"rendered":"\n<ol class=\"wp-block-list\"><li><a href=\"#Nachmittagsprogramm\">Nachmittagsprogramm<\/a><\/li><li><a href=\"#Abendprogramm\">Abendprogramm<\/a><\/li><\/ol>\n\n\n\n<h3 class=\"wp-block-heading\" id=\"Nachmittagsprogramm\">Nachmittagsprogramm<\/h3>\n\n\n\n<p><strong>Montag, 27.6.2022, 14:30 Uhr bis 16:00 Uhr<\/strong><\/p>\n\n\n\n<p>Vortrag: Landwirtschaft \u2013 Treiber der Klimakrise oder der<br>Weg heraus?!<br>* mit Gesine Langlotz, AbL Mitteldeutschland und Junge AbL (Arbeitsgemeinschaft b\u00e4uerliche Landwirtschaft)<br>Ob \u00f6kologisch oder konventionell: Landwirtschaft ern\u00e4hrt Menschen, produziert Rohstoffe und nimmt ganze 50% der Gesamtfl\u00e4che Deutschlands ein. Gleichzeit ist sie f\u00fcr 25% der CO\u00b2-Emissionen und vielf\u00e4ltige Umweltsch\u00e4den verantwortlich. Wer arbeitet eigentlich in der Landwirtschaft f\u00fcr wen und unter welchen Bedingungen? Und was hat das mit Klima- und Umweltgerechtigkeit zu tun?<br>In diesem Vortrag werden die Knackpunkte des derzeitigen Agrarsystems<br>und m\u00f6gliche Auswege gezeigt. Besch\u00e4ftigen wir uns also mit etwas ganz Grundlegendem: dem Boden und was darauf f\u00fcr unsere Ern\u00e4hrung w\u00e4chst, sodass er auch f\u00fcr die n\u00e4chsten Generationen noch Lebensgrundlage sein kann.<\/p>\n\n\n\n<p><strong>Dienstag, 28.6.2022, 14:30 Uhr bis 16:00 Uhr<\/strong><\/p>\n\n\n\n<p>Wohlstand ohne Wachstum?! \u2013 ein Planspiel zur Rolle von Wachstum f\u00fcr den globalen Wohlstand<br>* mit Charlotte Schwarzer, JUBITH<\/p>\n\n\n\n<p>Ohne Wachstum kein Wohlstand. Diese Annahme wird in Zeiten der Klimakrise immer st\u00e4rker hinterfragt. Denn Wachstum st\u00f6\u00dft zunehmend an \u00f6kologische und soziale Grenzen, deren  \u00dcberschreitung die Grundlage unseres Wohlstands langfristig gef\u00e4hrden.\u00a0In einem Planspiel wollen wir, \u00fcber die Rolle von Wachstum f\u00fcr globalen Wohlstand diskutieren. Dazu schl\u00fcpft ihr in die Rolle von Vertreter:innen von Organisationen verschiedener L\u00e4nder, die auf einem internationalen Gipfel zusammen kommen, um die Rolle von wirtschaftlichem Wachstum f\u00fcr das Erreichen von globalem Wohlstand zu diskutieren. Werdet ihr es schaffen euch auf eine Deklaration zu einigen, die klare Entwicklungsziele zur Erreichung eines Wohlstandes f\u00fcr alle formuliert?<\/p>\n\n\n\n<p><strong>Dienstag, 28.6.2022, 16:00 bis 18:00 Uhr<\/strong><\/p>\n\n\n\n<p>Workshop &#8222;Klimagerechtigkeit: Idee und Bewegung&#8220;<br>* mit Elias K\u00f6nig, Autor und Junior Fellow am IASS Potsdam (Institute<br>for Advanced Sustainability Studies)<br>Alle reden von Klimagerechtigkeit &#8211; aber was bedeutet der Begriff eigentlich und was bewirkt er in verschiedenen Kontexten? Und was k\u00f6nnen wir als Aktivist:innen von der Theorie und Praxis antikolonialer K\u00e4mpfe und den Erfahrungen der Bewegung f\u00fcr Umweltgerechtigkeit lernen? In diesem interaktiven Workshop diskutieren wir anhand verschiedener Fallbeispiele antikapitalistische und antikoloniale Perspektiven auf die Klimakrise.<\/p>\n\n\n\n<p><strong>Mittwoch, 29.6.2022, 14:30Uhr bis 16:00 Uhr<\/strong><\/p>\n\n\n\n<p>&#8222;Klima-Treff: Austausch f\u00fcr mehr Klimaschutz in Erfurt&#8220;<br>* mit Dagmar Embshoff (NOW-NET, Netzwerk Oekonomischer Wandel und<br>Forum*S\u00d6)<\/p>\n\n\n\n<p>Wir m\u00f6chten alle Klima-Engagierten und Klima-Interessierten einladen zusammen zu kommen. Gemeinsam erstellen wir eine &#8222;Landkarte&#8220;, die zeigt, welche Gruppen zu welchen Themen und mit welchen Methoden den Klimaschutz in Erfurt voranbringen. Welche Vernetzungen gibt es? Was sind die gr\u00f6\u00dften L\u00fccken, Hindernisse und Herausforderungen? Was l\u00e4uft bereits gut? Wo k\u00f6nnen neue Klimaschutz-Interessierte gut einsteigen? Was ist f\u00fcr 2022\/2023 noch\/schon geplant und wo braucht es noch Ideen und Mitmachende?&nbsp;Umwelt- und Klima-Gruppen, die nicht teilnehmen k\u00f6nnen, k\u00f6nnen Flyer und Infos zu ihren Aktivit\u00e4ten im Vorfeld einbringen \u00fcber klimaschule@vfsoe.de., damit die &#8222;Landkarte&#8220; m\u00f6glichst vollst\u00e4ndig wird =:-) .<\/p>\n\n\n\n<p><strong>Mittwoch, 29.6.2022,<\/strong> <strong>16:00 Uhr bis 18:00 Uhr<\/strong><\/p>\n\n\n\n<p>&#8222;Erfurt f\u00fcr alle &#8211; eine gr\u00fcne Stadtralley f\u00fcr Familien&#8220;<br>* mit Charlotte Schwarzer, Luisa R\u00f6diger, Laura Meisgeier, Sophie Raschner und Amelie Jonscher (alle Stufa Nachhaltigkeit)<br>Habt ihr Lust Erfurts gr\u00fcne Seite zu entdecken und dabei zu erkunden, wie in der Zukunft f\u00fcr alle Menschen in Erfurt ein gutes Leben m\u00f6glich sein kann?<br>Dann kommt zu unserer Stadtralley!<br>Ihr lauft dabei mehrere Stationen ab, die sich rund um die Frage drehen, wie man die Stadt in der Zukunft nachhaltig gestalten kann. Dazu gibt es Experimente, Quizze und weitere tolle Aktionen f\u00fcr alle Altersklassen!<br>Die Ralley ist f\u00fcr ca. 2 Stunden geplant, ihr k\u00f6nnt sie aber an jeder Stelle beenden und seid somit flexibel. Seid dabei und entdeckt mit uns das zuk\u00fcnftige gr\u00fcne Erfurt!<br>Auf der Website und dem Instagram Account der Klimaschule Erfurt findet<br>ihr weitere Infos bzw. eventuelle Alternativen bei schlechtem Wetter:<br><a rel=\"noreferrer noopener\" href=\"https:\/\/deref-gmx.net\/mail\/client\/RN6IVcKAeS4\/dereferrer\/?redirectUrl=http%3A%2F%2Fwww.instagram.com%2Fklimaschule_thueringen%2F\" target=\"_blank\">www.instagram.com\/klimaschule_thueringen\/<\/a><br><a rel=\"noreferrer noopener\" href=\"https:\/\/deref-gmx.net\/mail\/client\/lHhDdyUILWY\/dereferrer\/?redirectUrl=http%3A%2F%2Fvfsoe.de%2FBNE%2Fklimaschulethueringen%2Fprogramm-erfurt-2022%2F\" target=\"_blank\">http:\/\/vfsoe.de\/BNE\/klimaschulethueringen\/programm-erfurt-2022\/<\/a><\/p>\n\n\n\n<p><strong>Donnerstag, 30.6.2022, 14:00 Uhr bis 16:00 Uhr<\/strong> <\/p>\n\n\n\n<p>&#8222;Klima-Kommunikation &#8211; Menschen bewegen&#8220;<br>* mit Dr. Christian Gutsche, Klimatrainer und Coach<br>Um Menschen zum Handeln zu bewegen, reichen Informationen alleine in der Regel nicht aus. Gute Klimakommunikation braucht Zuh\u00f6ren, Wertsch\u00e4tzung und F\u00fchlen. Sie ist faktenbasiert &amp; motivierend, sie ist wertsch\u00e4tzend &amp; einf\u00fchlsam, ziel- &amp; zielgruppenspezifisch. Sie zeigt Handlungsm\u00f6glichkeiten auf &amp; benennt Vorteile klimafreundlichen Verhaltens. Und sie dockt an unserer Alltagswelt und unseren Werte an. Klima-Coach Dr. Christian Gutsche gibt einen interaktiven Einblick in gute Klimakommunikation, mit Tipps und Beispielen und Raum f\u00fcr eigene Fragen.<\/p>\n\n\n\n<p><strong>Montag bis Donnerstag (27.-30.6.), jeweils ca. 14:00 Uhr bis 16:00 Uhr<br><\/strong>\u201eMarkt der M\u00f6glichkeiten\u201c mit Infost\u00e4nden von Foodsharing, ADFC,<br>ELLA-Lastenrad, Fairly Fair u.a.<\/p>\n\n\n\n<div style=\"height:40px\" aria-hidden=\"true\" class=\"wp-block-spacer\"><\/div>\n\n\n\n<h3 class=\"wp-block-heading\" id=\"Abendprogramm\">Abendprogramm<\/h3>\n\n\n\n<div style=\"height:29px\" aria-hidden=\"true\" class=\"wp-block-spacer\"><\/div>\n\n\n\n<p><strong>Montag, 27.6., 19:30 Uhr bis 21:30 Uhr<\/strong><\/p>\n\n\n\n<p>Podium: Fl\u00e4chengerechtigkeit<\/p>\n\n\n\n<p>Die geplante Ausweisung von Gewerbe- oder Baugebieten, wie z.B. bei Urbich oder in Schmira, l\u00f6st oft Protest und Debatten in der Stadtbev\u00f6lkerung aus. Diese spiegeln die vielen Anspr\u00fcche auf den begrenzten Stadtraum wider. Wie k\u00f6nnen in Zeiten von Klimawandel und verbreiteter Angst vor sozialem Abstieg \u00d6kologie und Soziales gut in Einklang gebracht werden? Welche Wirtschaft wollen wir wo f\u00f6rdern und zulassen? Und wie k\u00f6nnten wir all dies demokratischer entscheiden und damit auch f\u00fcr mehr Akzeptanz sorgen?<br>G\u00e4ste: <\/p>\n\n\n\n<p>* Dr. Urs Warweg, Mitglied im Stadtrat (SPD) und im Ausschuss f\u00fcr Stadtentwicklung, Bau, Umwelt und Klimaschutz\/ Liegenschaften<\/p>\n\n\n\n<p>* Prof. Dr. Ilke Marschall, Studiengangsleiterin Landschaftsarchitektur der Fachhochschule Erfurt<\/p>\n\n\n\n<p>* Dr. Sven M\u00fcller, Ortsteilrat Urbich<\/p>\n\n\n\n<p>* Moderation: Anna Allst\u00e4dt, Zukunftsf\u00e4higes Th\u00fcringen e.V. und Nachhaltigkeitszentrum Th\u00fcringen<\/p>\n\n\n\n<p><\/p>\n\n\n\n<p><br><strong>Mittwoch, 29.6., 20:00 Uhr bis 22:00 Uhr<\/strong><\/p>\n\n\n\n<p>Gespr\u00e4ch: Energiewende gestalten in Erfurt und Th\u00fcringen<\/p>\n\n\n\n<p>Change by Design not by Desaster! Schleudert die langj\u00e4hrige Gas-. Kohle- und \u00d6l-Abh\u00e4ngigkeit von Russland uns nun ins Energieversorgungs-Desaster? Wie k\u00f6nnen wir in Th\u00fcringen und Erfurt die Energiewende gestalten und dabei zugleich sozial, flott und demokratisch vorgehen? Was sind regional die wichtigsten Stellschrauben? Was l\u00e4uft bereits gut? Welche Hemmnisse gibt es? Macht ein B\u00fcrgerenergie-Rat Sinn? Wie k\u00f6nnen B\u00fcrger*innen sich an der Entwicklung des neuen Klimaschutzkonzepts beteiligen? Was sind die n\u00e4chsten Schritte und was kann ich beitragen?<br>G\u00e4ste: <\/p>\n\n\n\n<p>* Dr. Martin Gude, Abteilungsleiter Klima und Energie im Th\u00fcringer Umweltministerium<\/p>\n\n\n\n<p>* Karel Schweng, Stadtwerke Erfurt GmbH- Michael Welz, B\u00fcrgerKraft Th\u00fcringen eG<\/p>\n\n\n\n<p>* Sylvia Hoyer, Abteilungsleiterin Nachhaltigkeitsmanagement Stadtverwaltung Erfurt (angefragt)<\/p>\n\n\n\n<p>* Moderation: N.N., Radio F.R.E.I.<\/p>\n\n\n\n<p><\/p>\n\n\n\n<p><br><strong>Donnerstag, 30.6., bis 19:30 bis 21:30 Uhr<\/strong><\/p>\n\n\n\n<p>Fish-Bowl-Diskussion: Gutes [Stadt-] Klima&nbsp;<\/p>\n\n\n\n<p>Hitzsommer, Waldbr\u00e4nde, Wassermangel, \u00dcberschwemmungen &#8211; der Klimawandel kommt immer n\u00e4her und ist auch in Erfurt sp\u00fcrbar. Was bedeutet das f\u00fcr unsere Gesundheit? Welche Stadtteile sind besonders benachteiligt? Wie k\u00f6nnen wir der Klimakrise entgegenwirken und gleichzeitig f\u00fcr ein gutes Klima in Erfurt sorgen? Welche Akteure m\u00fcssen sich bewegen? Welche L\u00f6sungspotenziale bieten Kleing\u00e4rten und Gemeinschaftsg\u00e4rten? Mehr B\u00e4ume in die Stadt und mehr gr\u00fcne W\u00e4nde durch Rankpflanzen &#8211; doch wer zahlt, pflanzt und gie\u00dft in hei\u00dfen Sommern? Wassersparen f\u00fchlt sich fair an, wenn alle mitziehen. Und pflanzen, pflegen und Frischluft genie\u00dfen macht gemeinsam mehr Spa\u00df. K\u00f6nnen wir Gutes Stadtklima und gutes Gespr\u00e4chsklima verbinden?<br>G\u00e4ste: <\/p>\n\n\n\n<p>* Anja Wolter, Institut f\u00fcr Stadtforschung der FH Erfurt, Projekt Heat Resilient City II&nbsp;<\/p>\n\n\n\n<p>* Christine Beckert, Stadtb\u00e4ume statt Leerr\u00e4ume<\/p>\n\n\n\n<p>* Detlef John, Stadtverband Erfurt der Kleing\u00e4rtner e.V.<\/p>\n\n\n\n<p>* Dipl.-Geograf Jakob Maercker, Think Jena<\/p>\n\n\n\n<p>* Moderation: Jens Roder, Wetterfrosch mdr Th\u00fcringen (angefragt)<\/p>\n","protected":false},"excerpt":{"rendered":"<p>Nachmittagsprogramm Abendprogramm Nachmittagsprogramm Montag, 27.6.2022, 14:30 Uhr bis 16:00 Uhr Vortrag: Landwirtschaft \u2013 Treiber der Klimakrise oder derWeg heraus?!* mit Gesine Langlotz, AbL Mitteldeutschland und Junge AbL (Arbeitsgemeinschaft b\u00e4uerliche Landwirtschaft)Ob \u00f6kologisch oder konventionell: Landwirtschaft ern\u00e4hrt Menschen, produziert Rohstoffe und nimmt ganze 50% der Gesamtfl\u00e4che Deutschlands ein. Gleichzeit ist sie f\u00fcr 25% der CO\u00b2-Emissionen und vielf\u00e4ltige [&hellip;]<\/p>\n","protected":false},"author":3,"featured_media":0,"parent":4,"menu_order":0,"comment_status":"closed","ping_status":"closed","template":"","meta":{"footnotes":""},"class_list":["post-521","page","type-page","status-publish","hentry"],"_links":{"self":[{"href":"https:\/\/vfsoe.de\/BNE\/wp-json\/wp\/v2\/pages\/521","targetHints":{"allow":["GET"]}}],"collection":[{"href":"https:\/\/vfsoe.de\/BNE\/wp-json\/wp\/v2\/pages"}],"about":[{"href":"https:\/\/vfsoe.de\/BNE\/wp-json\/wp\/v2\/types\/page"}],"author":[{"embeddable":true,"href":"https:\/\/vfsoe.de\/BNE\/wp-json\/wp\/v2\/users\/3"}],"replies":[{"embeddable":true,"href":"https:\/\/vfsoe.de\/BNE\/wp-json\/wp\/v2\/comments?post=521"}],"version-history":[{"count":13,"href":"https:\/\/vfsoe.de\/BNE\/wp-json\/wp\/v2\/pages\/521\/revisions"}],"predecessor-version":[{"id":608,"href":"https:\/\/vfsoe.de\/BNE\/wp-json\/wp\/v2\/pages\/521\/revisions\/608"}],"up":[{"embeddable":true,"href":"https:\/\/vfsoe.de\/BNE\/wp-json\/wp\/v2\/pages\/4"}],"wp:attachment":[{"href":"https:\/\/vfsoe.de\/BNE\/wp-json\/wp\/v2\/media?parent=521"}],"curies":[{"name":"wp","href":"https:\/\/api.w.org\/{rel}","templated":true}]}}