{"id":705,"date":"2023-08-01T11:37:43","date_gmt":"2023-08-01T11:37:43","guid":{"rendered":"http:\/\/vfsoe.de\/BNE\/?page_id=705"},"modified":"2025-06-24T08:45:26","modified_gmt":"2025-06-24T08:45:26","slug":"partner-und-foerderer","status":"publish","type":"page","link":"https:\/\/vfsoe.de\/BNE\/partner-und-foerderer\/","title":{"rendered":"Partner &#038; F\u00f6rderer"},"content":{"rendered":"\n<h3 class=\"wp-block-heading\" id=\"block-1264fc18-f4b2-4866-9fcd-e9ffce98456b\">Unsere Partner<\/h3>\n\n\n\n<figure class=\"wp-block-gallery has-nested-images columns-default is-cropped wp-block-gallery-1 is-layout-flex wp-block-gallery-is-layout-flex\"><div class=\"wp-block-image\">\n<figure class=\"aligncenter is-resized\" id=\"block-c62f19c2-7f37-465c-aee5-f3fa4227073d\"><img decoding=\"async\" src=\"http:\/\/vfsoe.de\/BNE\/wp-content\/uploads\/2022\/04\/EWNT_logo_web.jpg\" alt=\"Dieses Bild hat ein leeres Alt-Attribut. Der Dateiname ist EWNT_logo_web.jpg\" style=\"width:174px;height:104px\"\/><\/figure>\n<\/div>\n\n<div class=\"wp-block-image\">\n<figure class=\"aligncenter is-resized\" id=\"block-ec530ca0-e63c-4bce-bcaf-3df15af6b313\"><img decoding=\"async\" src=\"http:\/\/vfsoe.de\/BNE\/wp-content\/uploads\/2022\/04\/logo2021-mit-Text_H-buendig-1-1024x211.png\" alt=\"Dieses Bild hat ein leeres Alt-Attribut. Der Dateiname ist logo2021-mit-Text_H-buendig-1-1024x211.png\" style=\"width:329px;height:67px\"\/><\/figure>\n<\/div>\n\n<div class=\"wp-block-image\">\n<figure class=\"aligncenter is-resized\"><img loading=\"lazy\" decoding=\"async\" width=\"632\" height=\"628\" data-id=\"75\" src=\"http:\/\/vfsoe.de\/BNE\/wp-content\/uploads\/2020\/02\/Parents_for_Future.jpeg\" alt=\"\" class=\"wp-image-75\" style=\"width:113px;height:112px\" srcset=\"https:\/\/vfsoe.de\/BNE\/wp-content\/uploads\/2020\/02\/Parents_for_Future.jpeg 632w, https:\/\/vfsoe.de\/BNE\/wp-content\/uploads\/2020\/02\/Parents_for_Future-150x150.jpeg 150w, https:\/\/vfsoe.de\/BNE\/wp-content\/uploads\/2020\/02\/Parents_for_Future-300x298.jpeg 300w\" sizes=\"auto, (max-width: 632px) 100vw, 632px\" \/><\/figure>\n<\/div>\n\n<div class=\"wp-block-image\">\n<figure class=\"aligncenter is-resized\" id=\"block-e15ed406-0a99-4d9b-b024-e04eae3487b3\"><img decoding=\"async\" src=\"http:\/\/vfsoe.de\/BNE\/wp-content\/uploads\/2023\/07\/ThINK-Logo-edited-832x1024.png\" alt=\"Dieses Bild hat ein leeres Alt-Attribut. Der Dateiname ist ThINK-Logo-edited-832x1024.png\" style=\"width:135px;height:166px\"\/><\/figure>\n<\/div>\n\n<div class=\"wp-block-image\">\n<figure class=\"aligncenter is-resized\" id=\"block-bb711fcf-3845-45a3-b567-c9d6e719843b\"><img decoding=\"async\" src=\"http:\/\/vfsoe.de\/BNE\/wp-content\/uploads\/2023\/07\/Logo-EF-Stadtverw-1024x814.jpg\" alt=\"Dieses Bild hat ein leeres Alt-Attribut. Der Dateiname ist Logo-EF-Stadtverw-1024x814.jpg\" style=\"width:221px;height:176px\"\/><\/figure>\n<\/div>\n\n<div class=\"wp-block-image\">\n<figure class=\"aligncenter size-large is-resized\"><img loading=\"lazy\" decoding=\"async\" width=\"1024\" height=\"745\" data-id=\"720\" src=\"http:\/\/vfsoe.de\/BNE\/wp-content\/uploads\/2023\/08\/Logo-museum-schrift-1024x745.png\" alt=\"\" class=\"wp-image-720\" style=\"width:236px;height:171px\" srcset=\"https:\/\/vfsoe.de\/BNE\/wp-content\/uploads\/2023\/08\/Logo-museum-schrift-1024x745.png 1024w, https:\/\/vfsoe.de\/BNE\/wp-content\/uploads\/2023\/08\/Logo-museum-schrift-300x218.png 300w, https:\/\/vfsoe.de\/BNE\/wp-content\/uploads\/2023\/08\/Logo-museum-schrift-768x559.png 768w, https:\/\/vfsoe.de\/BNE\/wp-content\/uploads\/2023\/08\/Logo-museum-schrift.png 1178w\" sizes=\"auto, (max-width: 1024px) 100vw, 1024px\" \/><\/figure>\n<\/div>\n\n<div class=\"wp-block-image\">\n<figure class=\"aligncenter is-resized\"><img loading=\"lazy\" decoding=\"async\" width=\"842\" height=\"481\" data-id=\"243\" src=\"http:\/\/vfsoe.de\/BNE\/wp-content\/uploads\/2020\/08\/emw2020png.png\" alt=\"\" class=\"wp-image-243\" style=\"width:184px;height:105px\" srcset=\"https:\/\/vfsoe.de\/BNE\/wp-content\/uploads\/2020\/08\/emw2020png.png 842w, https:\/\/vfsoe.de\/BNE\/wp-content\/uploads\/2020\/08\/emw2020png-300x171.png 300w, https:\/\/vfsoe.de\/BNE\/wp-content\/uploads\/2020\/08\/emw2020png-768x439.png 768w\" sizes=\"auto, (max-width: 842px) 100vw, 842px\" \/><\/figure>\n<\/div>\n\n<div class=\"wp-block-image\">\n<figure class=\"aligncenter is-resized\"><img loading=\"lazy\" decoding=\"async\" width=\"600\" height=\"223\" data-id=\"76\" src=\"http:\/\/vfsoe.de\/BNE\/wp-content\/uploads\/2020\/02\/XR_Logo_2020-02-12_09-12-30.jpg\" alt=\"\" class=\"wp-image-76\" style=\"width:187px;height:69px\" srcset=\"https:\/\/vfsoe.de\/BNE\/wp-content\/uploads\/2020\/02\/XR_Logo_2020-02-12_09-12-30.jpg 600w, https:\/\/vfsoe.de\/BNE\/wp-content\/uploads\/2020\/02\/XR_Logo_2020-02-12_09-12-30-300x112.jpg 300w\" sizes=\"auto, (max-width: 600px) 100vw, 600px\" \/><\/figure>\n<\/div>\n\n<div class=\"wp-block-image\">\n<figure class=\"aligncenter is-resized\"><img loading=\"lazy\" decoding=\"async\" width=\"2560\" height=\"824\" data-id=\"160\" src=\"http:\/\/vfsoe.de\/BNE\/wp-content\/uploads\/2020\/07\/Logo_OekoHerz_Label_Anschnitt-scaled.jpg\" alt=\"\" class=\"wp-image-160\" style=\"width:180px;height:57px\" srcset=\"https:\/\/vfsoe.de\/BNE\/wp-content\/uploads\/2020\/07\/Logo_OekoHerz_Label_Anschnitt-scaled.jpg 2560w, https:\/\/vfsoe.de\/BNE\/wp-content\/uploads\/2020\/07\/Logo_OekoHerz_Label_Anschnitt-300x97.jpg 300w, https:\/\/vfsoe.de\/BNE\/wp-content\/uploads\/2020\/07\/Logo_OekoHerz_Label_Anschnitt-1024x329.jpg 1024w, https:\/\/vfsoe.de\/BNE\/wp-content\/uploads\/2020\/07\/Logo_OekoHerz_Label_Anschnitt-768x247.jpg 768w, https:\/\/vfsoe.de\/BNE\/wp-content\/uploads\/2020\/07\/Logo_OekoHerz_Label_Anschnitt-1536x494.jpg 1536w, https:\/\/vfsoe.de\/BNE\/wp-content\/uploads\/2020\/07\/Logo_OekoHerz_Label_Anschnitt-2048x659.jpg 2048w\" sizes=\"auto, (max-width: 2560px) 100vw, 2560px\" \/><\/figure>\n<\/div>\n\n<div class=\"wp-block-image\">\n<figure class=\"aligncenter is-resized\"><img loading=\"lazy\" decoding=\"async\" width=\"960\" height=\"960\" data-id=\"74\" src=\"http:\/\/vfsoe.de\/BNE\/wp-content\/uploads\/2020\/02\/FFF_Erfurt_Logo.jpg\" alt=\"\" class=\"wp-image-74\" style=\"width:92px;height:92px\" srcset=\"https:\/\/vfsoe.de\/BNE\/wp-content\/uploads\/2020\/02\/FFF_Erfurt_Logo.jpg 960w, https:\/\/vfsoe.de\/BNE\/wp-content\/uploads\/2020\/02\/FFF_Erfurt_Logo-150x150.jpg 150w, https:\/\/vfsoe.de\/BNE\/wp-content\/uploads\/2020\/02\/FFF_Erfurt_Logo-300x300.jpg 300w, https:\/\/vfsoe.de\/BNE\/wp-content\/uploads\/2020\/02\/FFF_Erfurt_Logo-768x768.jpg 768w\" sizes=\"auto, (max-width: 960px) 100vw, 960px\" \/><\/figure>\n<\/div><\/figure>\n\n\n\n<p><\/p>\n\n\n\n<p>&#8212;&#8212;&#8212;&#8212;&#8212;&#8212;&#8212;&#8212;&#8212;&#8212;&#8212;&#8212;&#8212;&#8212;&#8212;&#8212;&#8212;&#8212;&#8212;&#8212;&#8212;&#8212;&#8212;&#8212;&#8212;&#8212;&#8212;&#8212;&#8212;&#8212;&#8212;&#8212;&#8212;&#8212;&#8212;&#8212;&#8212;&#8212;<\/p>\n\n\n\n<h3 class=\"wp-block-heading\" id=\"block-6dc365b8-0ce9-4b42-a9e7-150d5a91554b\">Unsere F\u00f6rderer<img decoding=\"async\" src=\"http:\/\/vfsoe.de\/BNE\/wp-content\/uploads\/2020\/07\/TMUEN_image843.png\" alt=\"\"><\/h3>\n\n\n\n<p id=\"block-6a8d3936-0d38-49fe-92ee-5cd0270b8268\">Das Th\u00fcringer Ministerium f\u00fcr Umwelt, Energie und Naturschutz (TMUEN) gibt keine Gew\u00e4hr f\u00fcr die Richtigkeit, die Genauigkeit und Vollst\u00e4ndigkeit der inhaltlichen Ausgestaltung und Aussagen des Projektes sowie privater Rechte Dritter.<\/p>\n\n\n\n<figure class=\"wp-block-gallery has-nested-images columns-default is-cropped wp-block-gallery-2 is-layout-flex wp-block-gallery-is-layout-flex\"><div class=\"wp-block-image\">\n<figure class=\"aligncenter size-large\"><img loading=\"lazy\" decoding=\"async\" width=\"1024\" height=\"1024\" data-id=\"874\" src=\"https:\/\/vfsoe.de\/BNE\/wp-content\/uploads\/2025\/06\/LogoGearupEWNT-1024x1024.png\" alt=\"\" class=\"wp-image-874\" srcset=\"https:\/\/vfsoe.de\/BNE\/wp-content\/uploads\/2025\/06\/LogoGearupEWNT-1024x1024.png 1024w, https:\/\/vfsoe.de\/BNE\/wp-content\/uploads\/2025\/06\/LogoGearupEWNT-300x300.png 300w, https:\/\/vfsoe.de\/BNE\/wp-content\/uploads\/2025\/06\/LogoGearupEWNT-150x150.png 150w, https:\/\/vfsoe.de\/BNE\/wp-content\/uploads\/2025\/06\/LogoGearupEWNT-768x768.png 768w, https:\/\/vfsoe.de\/BNE\/wp-content\/uploads\/2025\/06\/LogoGearupEWNT.png 1080w\" sizes=\"auto, (max-width: 1024px) 100vw, 1024px\" \/><\/figure>\n<\/div>\n\n<div class=\"wp-block-image\">\n<figure class=\"aligncenter size-large\"><img loading=\"lazy\" decoding=\"async\" width=\"1024\" height=\"237\" data-id=\"875\" src=\"https:\/\/vfsoe.de\/BNE\/wp-content\/uploads\/2025\/06\/LogoTMSGAF-1024x237.png\" alt=\"\" class=\"wp-image-875\" srcset=\"https:\/\/vfsoe.de\/BNE\/wp-content\/uploads\/2025\/06\/LogoTMSGAF-1024x237.png 1024w, https:\/\/vfsoe.de\/BNE\/wp-content\/uploads\/2025\/06\/LogoTMSGAF-300x69.png 300w, https:\/\/vfsoe.de\/BNE\/wp-content\/uploads\/2025\/06\/LogoTMSGAF-768x177.png 768w, https:\/\/vfsoe.de\/BNE\/wp-content\/uploads\/2025\/06\/LogoTMSGAF.png 1420w\" sizes=\"auto, (max-width: 1024px) 100vw, 1024px\" \/><\/figure>\n<\/div>\n\n<div class=\"wp-block-image\">\n<figure class=\"aligncenter size-large\"><img loading=\"lazy\" decoding=\"async\" width=\"1024\" height=\"225\" data-id=\"873\" src=\"https:\/\/vfsoe.de\/BNE\/wp-content\/uploads\/2025\/06\/Logo-EU-1024x225.png\" alt=\"\" class=\"wp-image-873\" srcset=\"https:\/\/vfsoe.de\/BNE\/wp-content\/uploads\/2025\/06\/Logo-EU-1024x225.png 1024w, https:\/\/vfsoe.de\/BNE\/wp-content\/uploads\/2025\/06\/Logo-EU-300x66.png 300w, https:\/\/vfsoe.de\/BNE\/wp-content\/uploads\/2025\/06\/Logo-EU-768x169.png 768w, https:\/\/vfsoe.de\/BNE\/wp-content\/uploads\/2025\/06\/Logo-EU.png 1468w\" sizes=\"auto, (max-width: 1024px) 100vw, 1024px\" \/><\/figure>\n<\/div>\n\n<div class=\"wp-block-image\">\n<figure class=\"aligncenter size-large\"><img loading=\"lazy\" decoding=\"async\" width=\"1024\" height=\"529\" data-id=\"731\" src=\"https:\/\/vfsoe.de\/BNE\/wp-content\/uploads\/2023\/08\/Partnerschaft-fuer-Demokratie-1024x529.png\" alt=\"\" class=\"wp-image-731\" srcset=\"https:\/\/vfsoe.de\/BNE\/wp-content\/uploads\/2023\/08\/Partnerschaft-fuer-Demokratie-1024x529.png 1024w, https:\/\/vfsoe.de\/BNE\/wp-content\/uploads\/2023\/08\/Partnerschaft-fuer-Demokratie-300x155.png 300w, https:\/\/vfsoe.de\/BNE\/wp-content\/uploads\/2023\/08\/Partnerschaft-fuer-Demokratie-768x397.png 768w, https:\/\/vfsoe.de\/BNE\/wp-content\/uploads\/2023\/08\/Partnerschaft-fuer-Demokratie-1536x793.png 1536w, https:\/\/vfsoe.de\/BNE\/wp-content\/uploads\/2023\/08\/Partnerschaft-fuer-Demokratie-2048x1057.png 2048w\" sizes=\"auto, (max-width: 1024px) 100vw, 1024px\" \/><\/figure>\n<\/div>\n\n<div class=\"wp-block-image\">\n<figure class=\"aligncenter size-large\"><img loading=\"lazy\" decoding=\"async\" width=\"265\" height=\"128\" data-id=\"592\" src=\"https:\/\/vfsoe.de\/BNE\/wp-content\/uploads\/2022\/06\/LogoPFD.png\" alt=\"\" class=\"wp-image-592\"\/><\/figure>\n<\/div>\n\n\n<figure class=\"wp-block-image size-large is-resized\"><img loading=\"lazy\" decoding=\"async\" width=\"934\" height=\"408\" data-id=\"729\" src=\"http:\/\/vfsoe.de\/BNE\/wp-content\/uploads\/2023\/08\/Foerderlogo_72dpi.jpg\" alt=\"\" class=\"wp-image-729\" style=\"width:399px;height:174px\" srcset=\"https:\/\/vfsoe.de\/BNE\/wp-content\/uploads\/2023\/08\/Foerderlogo_72dpi.jpg 934w, https:\/\/vfsoe.de\/BNE\/wp-content\/uploads\/2023\/08\/Foerderlogo_72dpi-300x131.jpg 300w, https:\/\/vfsoe.de\/BNE\/wp-content\/uploads\/2023\/08\/Foerderlogo_72dpi-768x335.jpg 768w\" sizes=\"auto, (max-width: 934px) 100vw, 934px\" \/><\/figure>\n\n\n\n<figure class=\"wp-block-image size-large\"><img loading=\"lazy\" decoding=\"async\" width=\"261\" height=\"70\" data-id=\"900\" src=\"https:\/\/vfsoe.de\/BNE\/wp-content\/uploads\/2025\/06\/Logo_EG_klein.jpg\" alt=\"\" class=\"wp-image-900\"\/><\/figure>\n<\/figure>\n\n\n\n<figure class=\"wp-block-image size-large\"><img loading=\"lazy\" decoding=\"async\" width=\"1024\" height=\"128\" src=\"http:\/\/vfsoe.de\/BNE\/wp-content\/uploads\/2024\/08\/Logoreihe-PfD-Erfurt-ab-2023_fuer-WEB-1024x128.jpg\" alt=\"\" class=\"wp-image-824\" srcset=\"https:\/\/vfsoe.de\/BNE\/wp-content\/uploads\/2024\/08\/Logoreihe-PfD-Erfurt-ab-2023_fuer-WEB-1024x128.jpg 1024w, https:\/\/vfsoe.de\/BNE\/wp-content\/uploads\/2024\/08\/Logoreihe-PfD-Erfurt-ab-2023_fuer-WEB-300x38.jpg 300w, https:\/\/vfsoe.de\/BNE\/wp-content\/uploads\/2024\/08\/Logoreihe-PfD-Erfurt-ab-2023_fuer-WEB-768x96.jpg 768w, https:\/\/vfsoe.de\/BNE\/wp-content\/uploads\/2024\/08\/Logoreihe-PfD-Erfurt-ab-2023_fuer-WEB-1536x193.jpg 1536w, https:\/\/vfsoe.de\/BNE\/wp-content\/uploads\/2024\/08\/Logoreihe-PfD-Erfurt-ab-2023_fuer-WEB-2048x257.jpg 2048w\" sizes=\"auto, (max-width: 1024px) 100vw, 1024px\" \/><\/figure>\n\n\n\n<p><\/p>\n","protected":false},"excerpt":{"rendered":"<p>Unsere Partner &#8212;&#8212;&#8212;&#8212;&#8212;&#8212;&#8212;&#8212;&#8212;&#8212;&#8212;&#8212;&#8212;&#8212;&#8212;&#8212;&#8212;&#8212;&#8212;&#8212;&#8212;&#8212;&#8212;&#8212;&#8212;&#8212;&#8212;&#8212;&#8212;&#8212;&#8212;&#8212;&#8212;&#8212;&#8212;&#8212;&#8212;&#8212; Unsere F\u00f6rderer Das Th\u00fcringer Ministerium f\u00fcr Umwelt, Energie und Naturschutz (TMUEN) gibt keine Gew\u00e4hr f\u00fcr die Richtigkeit, die Genauigkeit und Vollst\u00e4ndigkeit der inhaltlichen Ausgestaltung und Aussagen des Projektes sowie privater Rechte Dritter.<\/p>\n","protected":false},"author":3,"featured_media":0,"parent":0,"menu_order":0,"comment_status":"closed","ping_status":"closed","template":"","meta":{"footnotes":""},"class_list":["post-705","page","type-page","status-publish","hentry"],"_links":{"self":[{"href":"https:\/\/vfsoe.de\/BNE\/wp-json\/wp\/v2\/pages\/705","targetHints":{"allow":["GET"]}}],"collection":[{"href":"https:\/\/vfsoe.de\/BNE\/wp-json\/wp\/v2\/pages"}],"about":[{"href":"https:\/\/vfsoe.de\/BNE\/wp-json\/wp\/v2\/types\/page"}],"author":[{"embeddable":true,"href":"https:\/\/vfsoe.de\/BNE\/wp-json\/wp\/v2\/users\/3"}],"replies":[{"embeddable":true,"href":"https:\/\/vfsoe.de\/BNE\/wp-json\/wp\/v2\/comments?post=705"}],"version-history":[{"count":14,"href":"https:\/\/vfsoe.de\/BNE\/wp-json\/wp\/v2\/pages\/705\/revisions"}],"predecessor-version":[{"id":902,"href":"https:\/\/vfsoe.de\/BNE\/wp-json\/wp\/v2\/pages\/705\/revisions\/902"}],"wp:attachment":[{"href":"https:\/\/vfsoe.de\/BNE\/wp-json\/wp\/v2\/media?parent=705"}],"curies":[{"name":"wp","href":"https:\/\/api.w.org\/{rel}","templated":true}]}}