{"id":869,"date":"2025-06-12T08:02:27","date_gmt":"2025-06-12T08:02:27","guid":{"rendered":"https:\/\/vfsoe.de\/BNE\/?page_id=869"},"modified":"2026-04-04T04:55:00","modified_gmt":"2026-04-04T04:55:00","slug":"schulprogramm-aktionstag-stadt-im-wandel-2025","status":"publish","type":"page","link":"https:\/\/vfsoe.de\/BNE\/klimaschulethueringen\/schulprogramm-aktionstag-stadt-im-wandel-2025\/","title":{"rendered":"Schulprogramm Aktionstag Stadt im Wandel 2025"},"content":{"rendered":"\n<p><strong>Freitag 20.06.2025<\/strong><\/p>\n\n\n\n<p><strong>8:30 Uhr<\/strong><\/p>\n\n\n\n<ul class=\"wp-block-list\">\n<li>Begr\u00fc\u00dfung aller Klassen am Hirschgarten gegen\u00fcber der Staatskanzlei<\/li>\n\n\n\n<li>Programmvorstellung, und Vorstellung der Workshopleiter:innen.<\/li>\n\n\n\n<li>Schnelle Einwahl der Kinder in die Projektangebote nach Interessen (moderiert durch uns)<\/li>\n<\/ul>\n\n\n\n<p><strong>9:00 &#8211;<\/strong><strong>12:00 <\/strong><strong>Uhr <\/strong><strong>8<\/strong><strong> Angebote finden parallel statt, <\/strong><strong>die <\/strong><strong>K<\/strong><strong>inder k\u00f6nne<\/strong><strong>n<\/strong><strong> sich vor Ort einw\u00e4hlen, Bitte besprechen <\/strong><strong>S<\/strong><strong>ie mit den SuS in Vorfeld die Wahlm\u00f6glichkeiten<\/strong><strong>:<\/strong><\/p>\n\n\n\n<ol class=\"wp-block-list\">\n<li><strong>Zu gut f\u00fcr die Tonne<\/strong> <strong>&#8211; wenn wir weniger wegwerfen, werden mehr Leute satt<\/strong>, K\u00dcFA (K\u00fcche f\u00fcr alle) In einer \u201eSchnippeldisko\u201c kochen wir gemeinsam mit geretteten Lebensmitteln und lernen etwas \u00fcber Lebensmittelverschwendung und Handlungsm\u00f6glichkeiten, Ein Workshop f\u00fcr Zwiebelheld*innen, K\u00fcchenfeen und Gem\u00fcsetrolle &#8211; Der Applaus am Ende ist euch gewiss.  <em>Foodsharing und Naturfreundejugend<\/em><\/li>\n\n\n\n<li><strong>Regenw\u00fcrmer: Superhelden in Unterwelten<\/strong> Ein Regenwurm hat keine Augen, kann nichts h\u00f6ren und lebt meist gut versteckt im Boden. Doch die unscheinbaren W\u00fcrmer machen unsere B\u00f6den fruchtbar. Ohne sie alle h\u00e4tten wir kaum gen\u00fcgend Brot, Obst oder Gem\u00fcse. Wir bauen Wurmkisten, um die unterirdischen Superhelden bei ihrer Arbeit beobachten zu k\u00f6nnen: wie sie aus Bioabfall feinsten Wurmhumus machen. Ein Workshop f\u00fcr alle die Unsichtbares m\u00f6gen und gern s\u00e4gen, schrauben und h\u00e4mmern oder es lernen wollen. <em>dt. Schreberjugend<\/em><\/li>\n\n\n\n<li><strong>Was soll der Regenwald in meiner Rost bratwurst?<\/strong> Regionale Ern\u00e4hrung ist gut f\u00fcr die Umwelt und was kann regionaler sein, als die typische Th\u00fcringer Rostbratwurst? Oder etwa nicht? Wir schauen uns mal genauer an was in die Wurst kommt und woher. Und was das mit Klima oder Gerechtigkeit zu tun hat. Ein Workshop f\u00fcr Tierliebhaber und Grillmeister:innen.  <em>Umweltbildungswerk<\/em><\/li>\n\n\n\n<li><strong>Artenvielfalt unterm Mikroskop<\/strong> Wiesen geh\u00f6ren zu den artenreichsten Lebensr\u00e4umen in Deutschland. Auf trockenen Wiesen leben ganz besondere Pflanzen und Tiere. Da solche Wiesen immer seltener werden, ist es wichtig sie zu sch\u00fctzen. Im Workshop werden wir ein paar der dort lebenden Tiere und Pflanzen genauer untersuchen und auch durchs Mikroskop schauen. Am Ende werden in einem Spiel erforschen, was passiert, wenn Lebensr\u00e4ume gest\u00f6rt und Tier \u2013 oder Pflanzenarten verdr\u00e4ngt werden. Ein Workshop f\u00fcr Neugiernasen und Hinguckerinnen.  <em>Naturkundemuseum<\/em><\/li>\n\n\n\n<li><strong>Schokolade f\u00fcr Alle!?<\/strong>  Weltspiel Schokolade essen wir fast alle gern \u2013 aber wo w\u00e4chst der Kakao daf\u00fcr? In diesem Workshop reisen wir gedanklich um die Welt und schauen: Wer baut den Kakao an? Wer bekommt wie viel davon? Und ist das eigentlich gerecht? Mit dem Weltspiel erleben wir, wie unterschiedlich Menschen und Dinge auf der Erde verteilt sind. Wir lernen, wie Kakao angebaut wird und was das mit uns zu tun hat. Au\u00dferdem entdecken wir, was faire Schokolade bedeutet. Ein Workshop f\u00fcr S\u00fc\u00dfm\u00e4uler mit Gerechtigkeitssinn. <em>Eine Welt Netzwerk Th\u00fcringen<\/em><\/li>\n\n\n\n<li><strong>Sommer, Sonne, Wasser<\/strong> Wasser ist lecker, kostbar, lebenswichtig und ein wichtiger Hinweis auf der Suche nach au\u00dferirdischem Leben. Wieviel Wasser gibt es auf der Welt und wer kann es benutzen? Menschen, B\u00e4ume, Bauernh\u00f6fe und Fabriken \u2013 Wasser brauchen alle. Aber l\u00e4ngst nicht alle bekommen genug. Wie k\u00f6nnen wir helfen, damit es genug sauberes Wasser f\u00fcr alle gibt? Was ist virtuelles Wasser und was haben Jeans oder Handys damit zu tun? Der Workshop f\u00fcr Nixen, Badewannenmonster und Meerestaucher:innen, die mehr wissen wollen.<em> Bildung trifft Entwicklung<\/em><\/li>\n\n\n\n<li><strong>Alleine kann man gar nichts machen?<\/strong> Stimmt nicht! Am Anfang war es nur ein M\u00e4dchen mit einem Schild\u2026 H\u00f6rt euch die Geschichte von Greta Thunberg und den weltweiten Kinderdemonstrationen f\u00fcr mehr Klimagerechtigkeit und mehr Zukunft f\u00fcr Alle an. Jede Ver\u00e4nderung beginnt mit einer Idee, einer Stimme, einem ersten Schritt. Welche Situation wollt ihr ver\u00e4ndern? Ein Workshop f\u00fcr alle, die Mutmachgeschichten lieben.  <em>Fridays for Future Erfurt<\/em><\/li>\n\n\n\n<li><strong>Jedes Abenteuer braucht seine eigenen Geschichten!<\/strong> In diesem Workshop werdet ihr selbst zu Radioreporter:innen und Podcast-Macher:innen. Ihr sammelt Ger\u00e4usche, Stimmen und Stimmungen aus den anderen Workshops und zeigt, warum gute Nachrichten und spannende Ideen unsere Welt ein kleines St\u00fcck besser machen k\u00f6nnen. Am Ende entsteht eine tolle Klanggeschichte, die alle mit nach Hause nehmen d\u00fcrfen. Ein Workshop f\u00fcr neugierige K\u00f6pfe, Technikfans und kreative Entdecker:innen. <em>Elektrisches Frequenz Arrangement<\/em><\/li>\n<\/ol>\n\n\n\n<p><strong>12:00 Uhr Gemeinsame Pr\u00e4sentation der Ergebnisse<\/strong><\/p>\n\n\n\n<p><strong>12:30 Uhr Alle essen zusammen<\/strong><\/p>\n\n\n\n<p><strong>13:00 Uhr Erkundung des Nachhaltigkeitstages <\/strong>auf eigene Faust oder in selbstorganisierten Gruppen mit Inputs an\/von bestimmten St\u00e4nden\/Akteuren<\/p>\n\n\n\n<p><\/p>\n","protected":false},"excerpt":{"rendered":"<p>Freitag 20.06.2025 8:30 Uhr 9:00 &#8211;12:00 Uhr 8 Angebote finden parallel statt, die Kinder k\u00f6nnen sich vor Ort einw\u00e4hlen, Bitte besprechen Sie mit den SuS in Vorfeld die Wahlm\u00f6glichkeiten: 12:00 Uhr Gemeinsame Pr\u00e4sentation der Ergebnisse 12:30 Uhr Alle essen zusammen 13:00 Uhr Erkundung des Nachhaltigkeitstages auf eigene Faust oder in selbstorganisierten Gruppen mit Inputs an\/von [&hellip;]<\/p>\n","protected":false},"author":4,"featured_media":0,"parent":4,"menu_order":0,"comment_status":"closed","ping_status":"closed","template":"","meta":{"footnotes":""},"class_list":["post-869","page","type-page","status-publish","hentry"],"_links":{"self":[{"href":"https:\/\/vfsoe.de\/BNE\/wp-json\/wp\/v2\/pages\/869","targetHints":{"allow":["GET"]}}],"collection":[{"href":"https:\/\/vfsoe.de\/BNE\/wp-json\/wp\/v2\/pages"}],"about":[{"href":"https:\/\/vfsoe.de\/BNE\/wp-json\/wp\/v2\/types\/page"}],"author":[{"embeddable":true,"href":"https:\/\/vfsoe.de\/BNE\/wp-json\/wp\/v2\/users\/4"}],"replies":[{"embeddable":true,"href":"https:\/\/vfsoe.de\/BNE\/wp-json\/wp\/v2\/comments?post=869"}],"version-history":[{"count":1,"href":"https:\/\/vfsoe.de\/BNE\/wp-json\/wp\/v2\/pages\/869\/revisions"}],"predecessor-version":[{"id":871,"href":"https:\/\/vfsoe.de\/BNE\/wp-json\/wp\/v2\/pages\/869\/revisions\/871"}],"up":[{"embeddable":true,"href":"https:\/\/vfsoe.de\/BNE\/wp-json\/wp\/v2\/pages\/4"}],"wp:attachment":[{"href":"https:\/\/vfsoe.de\/BNE\/wp-json\/wp\/v2\/media?parent=869"}],"curies":[{"name":"wp","href":"https:\/\/api.w.org\/{rel}","templated":true}]}}