{"id":96,"date":"2020-06-22T13:03:26","date_gmt":"2020-06-22T13:03:26","guid":{"rendered":"http:\/\/vfsoe.de\/BNE\/?page_id=96"},"modified":"2021-06-29T11:06:54","modified_gmt":"2021-06-29T11:06:54","slug":"programm","status":"publish","type":"page","link":"https:\/\/vfsoe.de\/BNE\/klimaschulethueringen\/rueckblick-2020\/programm\/","title":{"rendered":"Programm 2020"},"content":{"rendered":"\n<p>Hier finden Sie das Programm f\u00fcr die Klimaschule Erfurt als <a href=\"http:\/\/vfsoe.de\/BNE\/wp-content\/uploads\/2020\/09\/2020_Klimaschule-EF_Programm.pdf\">PDF zum herunterladen. <\/a><\/p>\n\n\n\n<div style=\"height:32px\" aria-hidden=\"true\" class=\"wp-block-spacer\"><\/div>\n\n\n\n<p><strong>Montag 21.09.2020<\/strong><\/p>\n\n\n\n<p>08:00 Uhr Unterrichtsbeginn<\/p>\n\n\n\n<p>16:00 bis 18:00 Uhr <strong>\u201eKlimakrise \u2013 Coronakrise: Warum gehen bei einer Pandemie Dinge, die beim Klimaschutz nicht funktionieren?\u201c <\/strong>Impulsvortag von Prof. Dr. Dr. Ekhardt, Scientists for Future Erfurt<\/p>\n\n\n\n<p><strong>Podiumsdiskussion mit dem Schwerpunkt Mobilit\u00e4t<\/strong><\/p>\n\n\n\n<p>Teilnehmende: Falco Stolp, VCD; Achim Kintzel, Abteilungsleiter Verkehrsplanung, Stadt Erfurt; Prof. Dr. Dr. Ekhardt, Scientists for Future Erfurt; Rico Hofmann, Projektleiter Mobilit\u00e4ts- und Energiekonzepte; Thega; Moderation: Jens Roder, MDR Th\u00fcringen<\/p>\n\n\n\n<p>18:00 Vorstellung und Installation der <strong>Handybox<\/strong> &#8211; Aktion Schutzengel <a href=\"https:\/\/www.missio-hilft.de\/mitmachen\/aktion-schutzengel\/aktionen\/handys-spenden\/\">missio<\/a><\/p>\n\n\n\n<p>18:00 bis 20:00 Filmbeitrag und Filmbesprechung \u00fcber <strong>die Schattenseiten der Handyproduktion<\/strong> (FSK 12)<\/p>\n\n\n\n<div style=\"height:32px\" aria-hidden=\"true\" class=\"wp-block-spacer\"><\/div>\n\n\n\n<p><strong>Dienstag 22.09.2020<\/strong><\/p>\n\n\n\n<p>08:oo Uhr Unterrichtsbeginn<\/p>\n\n\n\n<p>16:00 bis 18:00 <strong>Stromsparcheck<\/strong> &#8211; Beratung durch die Caritas Erfurt<\/p>\n\n\n\n<p>16:00 bis 20:00 <strong>Die Ernte Teilen<\/strong> (Planspiel) &#8211; SoLaWi Erfurt<\/p>\n\n\n\n<p>16:00 bis 20:00 <strong>Ergonomische Beratung f\u00fcrs Fahrrad<\/strong> &#8211; ADFC Erfurt<\/p>\n\n\n\n<p>18:00 bis 20:00 <strong>Das Netzwerk der Klimawandelleugner<\/strong>, Vortrag von Andreas Kemper, Soziologe und Publizist<\/p>\n\n\n\n<div style=\"height:32px\" aria-hidden=\"true\" class=\"wp-block-spacer\"><\/div>\n\n\n\n<p><strong>Mittwoch 23.09.2020<\/strong><\/p>\n\n\n\n<p>08:oo Uhr Unterrichtsbeginn<\/p>\n\n\n\n<p>16:00 bis 18:00 <strong>Das Weltverteilungsspie<\/strong>l &#8211; Arbeit und Leben Erfurt<\/p>\n\n\n\n<p>16:00 bis 20:00 <strong>Kleidertausch mit Fairly Fair<\/strong><\/p>\n\n\n\n<div style=\"height:32px\" aria-hidden=\"true\" class=\"wp-block-spacer\"><\/div>\n\n\n\n<p><strong>Donnerstag 24.09.2020<\/strong><\/p>\n\n\n\n<p>08:00 Uhr Unterrichtsbeginn<\/p>\n\n\n\n<p>16:00 bis 18:00 Uhr <strong>Fortbildung BNE<\/strong><\/p>\n\n\n\n<div style=\"height:32px\" aria-hidden=\"true\" class=\"wp-block-spacer\"><\/div>\n\n\n\n<p>Zielgruppe: LehrerInnen und au\u00dferschulische Lehrkr\u00e4fte<\/p>\n\n\n\n<p>Wenn Bildung auf nachhaltige Entwicklung trifft, dann kommt dabei der sperrige Begriff BNE heraus. Doch was ist BNE genau? Ist das wirklich so kompliziert oder schreckt uns einfach nur der Titel \u201eBildung f\u00fcr nachhaltige Entwicklung\u201c ab, der hinter dieser Abk\u00fcrzung verborgen liegt und genauso komplex und allumfassend erscheint wie \u201enachhaltige Entwicklung\u201c selbst?<\/p>\n\n\n\n<p>Wir wollen Ihnen an konkreten Beispielen zeigen, wie bereichernd BNE f\u00fcr den Unterricht sein kann und wie Sie Unterst\u00fctzung f\u00fcr den Unterricht erhalten, die zertifizierte Qualit\u00e4t bietet!<\/p>\n\n\n\n<p>18:oo Uhr Ende<\/p>\n\n\n\n<div style=\"height:100px\" aria-hidden=\"true\" class=\"wp-block-spacer\"><\/div>\n\n\n\n<h6 class=\"wp-block-heading\"><strong>Gef\u00f6rdert vom Th\u00fcringer Ministerium f\u00fcr Umwelt, Energie und Naturschutz<\/strong> und <strong>der Rosa-Luxemburg- Stiftung Th\u00fcringen<\/strong>.<\/h6>\n\n\n\n<h6 class=\"wp-block-heading\">Das TMUEN gibt keine Gew\u00e4hr f\u00fcr die Richtigkeit, die Genauigkeit und Vollst\u00e4ndigkeit der inhaltlichen Ausgestaltung und Aussagen des Projektes sowie privater Rechte Dritter.<\/h6>\n","protected":false},"excerpt":{"rendered":"<p>Hier finden Sie das Programm f\u00fcr die Klimaschule Erfurt als PDF zum herunterladen. Montag 21.09.2020 08:00 Uhr Unterrichtsbeginn 16:00 bis 18:00 Uhr \u201eKlimakrise \u2013 Coronakrise: Warum gehen bei einer Pandemie Dinge, die beim Klimaschutz nicht funktionieren?\u201c Impulsvortag von Prof. Dr. Dr. Ekhardt, Scientists for Future Erfurt Podiumsdiskussion mit dem Schwerpunkt Mobilit\u00e4t Teilnehmende: Falco Stolp, VCD; [&hellip;]<\/p>\n","protected":false},"author":1,"featured_media":0,"parent":348,"menu_order":0,"comment_status":"closed","ping_status":"closed","template":"","meta":{"footnotes":""},"class_list":["post-96","page","type-page","status-publish","hentry"],"_links":{"self":[{"href":"https:\/\/vfsoe.de\/BNE\/wp-json\/wp\/v2\/pages\/96","targetHints":{"allow":["GET"]}}],"collection":[{"href":"https:\/\/vfsoe.de\/BNE\/wp-json\/wp\/v2\/pages"}],"about":[{"href":"https:\/\/vfsoe.de\/BNE\/wp-json\/wp\/v2\/types\/page"}],"author":[{"embeddable":true,"href":"https:\/\/vfsoe.de\/BNE\/wp-json\/wp\/v2\/users\/1"}],"replies":[{"embeddable":true,"href":"https:\/\/vfsoe.de\/BNE\/wp-json\/wp\/v2\/comments?post=96"}],"version-history":[{"count":18,"href":"https:\/\/vfsoe.de\/BNE\/wp-json\/wp\/v2\/pages\/96\/revisions"}],"predecessor-version":[{"id":388,"href":"https:\/\/vfsoe.de\/BNE\/wp-json\/wp\/v2\/pages\/96\/revisions\/388"}],"up":[{"embeddable":true,"href":"https:\/\/vfsoe.de\/BNE\/wp-json\/wp\/v2\/pages\/348"}],"wp:attachment":[{"href":"https:\/\/vfsoe.de\/BNE\/wp-json\/wp\/v2\/media?parent=96"}],"curies":[{"name":"wp","href":"https:\/\/api.w.org\/{rel}","templated":true}]}}

<p>Hier finden Sie das Programm für die Klimaschule Erfurt als <a href="http://vfsoe.de/BNE/wp-content/uploads/2020/09/2020_Klimaschule-EF_Programm.pdf">PDF zum herunterladen. </a></p>



<div style="height:32px" aria-hidden="true" class="wp-block-spacer"></div>



<p><strong>Montag 21.09.2020</strong></p>



<p>08:00 Uhr Unterrichtsbeginn</p>



<p>16:00 bis 18:00 Uhr <strong>„Klimakrise – Coronakrise: Warum gehen bei einer Pandemie Dinge, die beim Klimaschutz nicht funktionieren?“ </strong>Impulsvortag von Prof. Dr. Dr. Ekhardt, Scientists for Future Erfurt</p>



<p><strong>Podiumsdiskussion mit dem Schwerpunkt Mobilität</strong></p>



<p>Teilnehmende: Falco Stolp, VCD; Achim Kintzel, Abteilungsleiter Verkehrsplanung, Stadt Erfurt; Prof. Dr. Dr. Ekhardt, Scientists for Future Erfurt; Rico Hofmann, Projektleiter Mobilitäts- und Energiekonzepte; Thega; Moderation: Jens Roder, MDR Thüringen</p>



<p>18:00 Vorstellung und Installation der <strong>Handybox</strong> &#8211; Aktion Schutzengel <a href="https://www.missio-hilft.de/mitmachen/aktion-schutzengel/aktionen/handys-spenden/">missio</a></p>



<p>18:00 bis 20:00 Filmbeitrag und Filmbesprechung über <strong>die Schattenseiten der Handyproduktion</strong> (FSK 12)</p>



<div style="height:32px" aria-hidden="true" class="wp-block-spacer"></div>



<p><strong>Dienstag 22.09.2020</strong></p>



<p>08:oo Uhr Unterrichtsbeginn</p>



<p>16:00 bis 18:00 <strong>Stromsparcheck</strong> &#8211; Beratung durch die Caritas Erfurt</p>



<p>16:00 bis 20:00 <strong>Die Ernte Teilen</strong> (Planspiel) &#8211; SoLaWi Erfurt</p>



<p>16:00 bis 20:00 <strong>Ergonomische Beratung fürs Fahrrad</strong> &#8211; ADFC Erfurt</p>



<p>18:00 bis 20:00 <strong>Das Netzwerk der Klimawandelleugner</strong>, Vortrag von Andreas Kemper, Soziologe und Publizist</p>



<div style="height:32px" aria-hidden="true" class="wp-block-spacer"></div>



<p><strong>Mittwoch 23.09.2020</strong></p>



<p>08:oo Uhr Unterrichtsbeginn</p>



<p>16:00 bis 18:00 <strong>Das Weltverteilungsspie</strong>l &#8211; Arbeit und Leben Erfurt</p>



<p>16:00 bis 20:00 <strong>Kleidertausch mit Fairly Fair</strong></p>



<div style="height:32px" aria-hidden="true" class="wp-block-spacer"></div>



<p><strong>Donnerstag 24.09.2020</strong></p>



<p>08:00 Uhr Unterrichtsbeginn</p>



<p>16:00 bis 18:00 Uhr <strong>Fortbildung BNE</strong></p>



<div style="height:32px" aria-hidden="true" class="wp-block-spacer"></div>



<p>Zielgruppe: LehrerInnen und außerschulische Lehrkräfte</p>



<p>Wenn Bildung auf nachhaltige Entwicklung trifft, dann kommt dabei der sperrige Begriff BNE heraus. Doch was ist BNE genau? Ist das wirklich so kompliziert oder schreckt uns einfach nur der Titel „Bildung für nachhaltige Entwicklung“ ab, der hinter dieser Abkürzung verborgen liegt und genauso komplex und allumfassend erscheint wie „nachhaltige Entwicklung“ selbst?</p>



<p>Wir wollen Ihnen an konkreten Beispielen zeigen, wie bereichernd BNE für den Unterricht sein kann und wie Sie Unterstützung für den Unterricht erhalten, die zertifizierte Qualität bietet!</p>



<p>18:oo Uhr Ende</p>



<div style="height:100px" aria-hidden="true" class="wp-block-spacer"></div>



<h6 class="wp-block-heading"><strong>Gefördert vom Thüringer Ministerium für Umwelt, Energie und Naturschutz</strong> und <strong>der Rosa-Luxemburg- Stiftung Thüringen</strong>.</h6>



<h6 class="wp-block-heading">Das TMUEN gibt keine Gewähr für die Richtigkeit, die Genauigkeit und Vollständigkeit der inhaltlichen Ausgestaltung und Aussagen des Projektes sowie privater Rechte Dritter.</h6>

<p>Hier finden Sie das Programm für die Klimaschule Erfurt als PDF zum herunterladen. Montag 21.09.2020 08:00 Uhr Unterrichtsbeginn 16:00 bis 18:00 Uhr „Klimakrise – Coronakrise: Warum gehen bei einer Pandemie Dinge, die beim Klimaschutz nicht funktionieren?“ Impulsvortag von Prof. Dr. Dr. Ekhardt, Scientists for Future Erfurt Podiumsdiskussion mit dem Schwerpunkt Mobilität Teilnehmende: Falco Stolp, VCD; [&hellip;]</p>
